{"id":52,"date":"2025-02-04T14:54:10","date_gmt":"2025-02-04T13:54:10","guid":{"rendered":"https:\/\/centre-sante-lagarrigue.fr\/?page_id=52"},"modified":"2025-03-18T11:34:12","modified_gmt":"2025-03-18T10:34:12","slug":"pedicure-podologue","status":"publish","type":"page","link":"https:\/\/centre-sante-lagarrigue.fr\/index.php\/pedicure-podologue\/","title":{"rendered":"P\u00e9dicure-Podologue \u00e0 Lagarrigue"},"content":{"rendered":"\t\t<div data-elementor-type=\"wp-page\" data-elementor-id=\"52\" class=\"elementor elementor-52\">\n\t\t\t\t<div class=\"elementor-element elementor-element-c5b8c3e e-flex e-con-boxed e-con e-parent\" data-id=\"c5b8c3e\" data-element_type=\"container\">\n\t\t\t\t\t<div class=\"e-con-inner\">\n\t\t\t\t<div class=\"elementor-element elementor-element-ef0f84e elementor-widget__width-inherit elementor-widget elementor-widget-link-in-bio\" data-id=\"ef0f84e\" data-element_type=\"widget\" data-widget_type=\"link-in-bio.default\">\n\t\t\t\t<div class=\"elementor-widget-container\">\n\t\t\t\t\t\t\t<div class=\"e-link-in-bio e-link-in-bio\">\n\t\t\t<div class=\"e-link-in-bio__content\">\n\n\t\t\t\t\t\t<div class=\"e-link-in-bio__identity\">\n\t\t\t\t\t\t\t\t\t<div class=\"e-link-in-bio__identity-image e-link-in-bio__identity-image-profile has-style-circle\">\n\t\t\t\t\t\t\t<img fetchpriority=\"high\" decoding=\"async\" width=\"292\" height=\"300\" src=\"https:\/\/centre-sante-lagarrigue.fr\/wp-content\/uploads\/2025\/02\/IMG_0464-292x300.jpeg\" class=\"e-link-in-bio__identity-image-element\" alt=\"Logo repr\u00e9sentant un pied stylis\u00e9 avec une empreinte, symbolisant les soins podologiques et le bien-\u00eatre des pieds. Design \u00e9pur\u00e9 et professionnel, \u00e9voquant la sant\u00e9, la posture et le confort.\" srcset=\"https:\/\/centre-sante-lagarrigue.fr\/wp-content\/uploads\/2025\/02\/IMG_0464-292x300.jpeg 292w, https:\/\/centre-sante-lagarrigue.fr\/wp-content\/uploads\/2025\/02\/IMG_0464.jpeg 411w\" sizes=\"(max-width: 292px) 100vw, 292px\" \/>\t\t\t\t\t\t\t\t\t\t\t\t\t<\/div>\n\t\t\t\t\t\t\t<\/div>\n\t\t\t\t\t<div class=\"e-link-in-bio__bio\">\n\t\t\t\t<h2 class=\"e-link-in-bio__heading\">Mickael VINCENT<\/h2>\t\t\t\t<h3 class=\"e-link-in-bio__title\">P\u00e9dicure-podologue<\/h3>\t\t\t\t\t\t\t\t<p class=\"e-link-in-bio__description\">Soins de p\u00e9dicurie-podologie, incluant des \u00e9valuations approfondies des pieds, fabrication de semelles orthop\u00e9diques sur mesure, ainsi que des bilans podologiques complets pour assurer un confort optimal et la sant\u00e9 de vos pieds.<\/p>\t\t\t<\/div>\n\t\t\t\t\t<div class=\"e-link-in-bio__icons has-size-small\">\n\t\t\t\t\t\t\t<div class=\"e-link-in-bio__icon is-size-small\">\n\t\t\t\t\t<a aria-label=\"Telephone\" class=\"e-link-in-bio__icon-link\" href=\"tel:+33563510989\">\n\t\t\t\t\t\t<span class=\"e-link-in-bio__icon-svg\">\n\t\t\t\t\t\t\t<svg aria-hidden=\"true\" class=\"e-font-icon-svg e-fas-phone-alt\" viewBox=\"0 0 512 512\" xmlns=\"http:\/\/www.w3.org\/2000\/svg\"><path d=\"M497.39 361.8l-112-48a24 24 0 0 0-28 6.9l-49.6 60.6A370.66 370.66 0 0 1 130.6 204.11l60.6-49.6a23.94 23.94 0 0 0 6.9-28l-48-112A24.16 24.16 0 0 0 122.6.61l-104 24A24 24 0 0 0 0 48c0 256.5 207.9 464 464 464a24 24 0 0 0 23.4-18.6l24-104a24.29 24.29 0 0 0-14.01-27.6z\"><\/path><\/svg>\t\t\t\t\t\t<\/span>\n\t\t\t\t\t\t\t\t\t\t\t<\/a>\n\t\t\t\t<\/div>\n\t\t\t\t\t\t\t<div class=\"e-link-in-bio__icon is-size-small\">\n\t\t\t\t\t<a aria-label=\"Email\" class=\"e-link-in-bio__icon-link\" href=\"mailto:Mickael.vincentpp@gmail.com?subject=Contact%20via%20site\">\n\t\t\t\t\t\t<span class=\"e-link-in-bio__icon-svg\">\n\t\t\t\t\t\t\t<svg aria-hidden=\"true\" class=\"e-font-icon-svg e-fas-envelope\" viewBox=\"0 0 512 512\" xmlns=\"http:\/\/www.w3.org\/2000\/svg\"><path d=\"M502.3 190.8c3.9-3.1 9.7-.2 9.7 4.7V400c0 26.5-21.5 48-48 48H48c-26.5 0-48-21.5-48-48V195.6c0-5 5.7-7.8 9.7-4.7 22.4 17.4 52.1 39.5 154.1 113.6 21.1 15.4 56.7 47.8 92.2 47.6 35.7.3 72-32.8 92.3-47.6 102-74.1 131.6-96.3 154-113.7zM256 320c23.2.4 56.6-29.2 73.4-41.4 132.7-96.3 142.8-104.7 173.4-128.7 5.8-4.5 9.2-11.5 9.2-18.9v-19c0-26.5-21.5-48-48-48H48C21.5 64 0 85.5 0 112v19c0 7.4 3.4 14.3 9.2 18.9 30.6 23.9 40.7 32.4 173.4 128.7 16.8 12.2 50.2 41.8 73.4 41.4z\"><\/path><\/svg>\t\t\t\t\t\t<\/span>\n\t\t\t\t\t\t\t\t\t\t\t<\/a>\n\t\t\t\t<\/div>\n\t\t\t\t\t<\/div>\n\t\t\n\t\t<div class=\"e-link-in-bio__ctas has-type-button\">\n\t\t\t\t\t\t\t<a href=\"https:\/\/www.doctolib.fr\/pedicure-podologue\/lagarrigue\/vincent-mickael\" target=\"_blank\" rel=\"noopener \" class=\"e-link-in-bio__cta is-type-button has-corners-rounded\">\n\t\t\t\t\t\t\t\t\t\t<span class=\"e-link-in-bio__cta-text\">\n\t\t\t\t\t\tPrendre rendez-vous\t\t\t\t\t<\/span>\n\t\t\t\t<\/a>\n\t\t\t\t\t<\/div>\n\t\t\n\t\t\t<\/div>\n\t\t\t<div class=\"e-link-in-bio__bg\">\n\t\t\t\t<div class=\"e-link-in-bio__bg-overlay\"><\/div>\n\t\t\t<\/div>\n\t\t<\/div>\n\t\t\t\t\t\t<\/div>\n\t\t\t\t<\/div>\n\t\t\t\t\t<\/div>\n\t\t\t\t<\/div>\n\t\t<div class=\"elementor-element elementor-element-1e10a06 e-flex e-con-boxed e-con e-parent\" data-id=\"1e10a06\" data-element_type=\"container\">\n\t\t\t\t\t<div class=\"e-con-inner\">\n\t\t\t\t<div class=\"elementor-element elementor-element-d000a24 elementor-widget elementor-widget-n-accordion\" data-id=\"d000a24\" data-element_type=\"widget\" data-settings=\"{&quot;default_state&quot;:&quot;all_collapsed&quot;,&quot;max_items_expended&quot;:&quot;one&quot;,&quot;n_accordion_animation_duration&quot;:{&quot;unit&quot;:&quot;ms&quot;,&quot;size&quot;:400,&quot;sizes&quot;:[]}}\" data-widget_type=\"nested-accordion.default\">\n\t\t\t\t<div class=\"elementor-widget-container\">\n\t\t\t\t\t\t\t<div class=\"e-n-accordion\" aria-label=\"Accordion. Open links with Enter or Space, close with Escape, and navigate with Arrow Keys\">\n\t\t\t\t\t\t<details id=\"e-n-accordion-item-2180\" class=\"e-n-accordion-item\" >\n\t\t\t\t<summary class=\"e-n-accordion-item-title\" data-accordion-index=\"1\" tabindex=\"0\" aria-expanded=\"false\" aria-controls=\"e-n-accordion-item-2180\" >\n\t\t\t\t\t<span class='e-n-accordion-item-title-header'><div class=\"e-n-accordion-item-title-text\"> Quel est le r\u00f4le du p\u00e9dicure-podologue ? <\/div><\/span>\n\t\t\t\t\t\t\t<span class='e-n-accordion-item-title-icon'>\n\t\t\t<span class='e-opened' ><svg aria-hidden=\"true\" class=\"e-font-icon-svg e-fas-minus\" viewBox=\"0 0 448 512\" xmlns=\"http:\/\/www.w3.org\/2000\/svg\"><path d=\"M416 208H32c-17.67 0-32 14.33-32 32v32c0 17.67 14.33 32 32 32h384c17.67 0 32-14.33 32-32v-32c0-17.67-14.33-32-32-32z\"><\/path><\/svg><\/span>\n\t\t\t<span class='e-closed'><svg aria-hidden=\"true\" class=\"e-font-icon-svg e-fas-plus\" viewBox=\"0 0 448 512\" xmlns=\"http:\/\/www.w3.org\/2000\/svg\"><path d=\"M416 208H272V64c0-17.67-14.33-32-32-32h-32c-17.67 0-32 14.33-32 32v144H32c-17.67 0-32 14.33-32 32v32c0 17.67 14.33 32 32 32h144v144c0 17.67 14.33 32 32 32h32c17.67 0 32-14.33 32-32V304h144c17.67 0 32-14.33 32-32v-32c0-17.67-14.33-32-32-32z\"><\/path><\/svg><\/span>\n\t\t<\/span>\n\n\t\t\t\t\t\t<\/summary>\n\t\t\t\t<div role=\"region\" aria-labelledby=\"e-n-accordion-item-2180\" class=\"elementor-element elementor-element-a6c0a35 e-con-full e-flex e-con e-child\" data-id=\"a6c0a35\" data-element_type=\"container\">\n\t\t<div role=\"region\" aria-labelledby=\"e-n-accordion-item-2180\" class=\"elementor-element elementor-element-94f9297 e-flex e-con-boxed e-con e-child\" data-id=\"94f9297\" data-element_type=\"container\">\n\t\t\t\t\t<div class=\"e-con-inner\">\n\t\t\t\t<div class=\"elementor-element elementor-element-adcfba7 elementor-widget elementor-widget-text-editor\" data-id=\"adcfba7\" data-element_type=\"widget\" data-widget_type=\"text-editor.default\">\n\t\t\t\t<div class=\"elementor-widget-container\">\n\t\t\t\t\t\t\t\t\t<p class=\"p1\"><span class=\"s1\">Le <\/span><span class=\"s2\">p\u00e9dicure-podologue<\/span><span class=\"s1\"> est un professionnel de sant\u00e9 sp\u00e9cialis\u00e9 dans la pr\u00e9vention, le diagnostic et le traitement des affections du pied et des ongles. Son expertise permet de soulager diverses pathologies podologiques et d\u2019am\u00e9liorer le confort au quotidien. Que vous souffriez de douleurs plantaires, d\u2019ongles incarn\u00e9s, de cors ou de troubles de la marche, il vous propose une prise en charge adapt\u00e9e \u00e0 vos besoins.<\/span><\/p><p class=\"p1\"><span style=\"font-size: 14pt;\"><strong><span class=\"s2\">Pourquoi consulter un p\u00e9dicure-podologue ?<\/span><\/strong><\/span><\/p><p class=\"p1\"><span class=\"s1\">Les pieds sont essentiels \u00e0 notre \u00e9quilibre et \u00e0 notre mobilit\u00e9. Consulter un <\/span><span class=\"s2\">p\u00e9dicure-podologue<\/span><span class=\"s1\"> permet de :<\/span><\/p><p class=\"p3\"><strong><span class=\"s1\"> \u2022 <\/span><span class=\"s2\">Traiter les affections courantes <\/span><\/strong><span class=\"s1\"><strong>:<\/strong> cors, durillons, mycoses, ongles incarn\u00e9s, verrues plantaires.<\/span><\/p><p class=\"p3\"><strong><span class=\"s1\"> \u2022 <\/span><\/strong><span class=\"s2\"><strong>Corriger les troubles posturaux et de la marche<\/strong> <\/span><span class=\"s1\">gr\u00e2ce aux semelles orthop\u00e9diques.<\/span><\/p><p class=\"p3\"><strong><span class=\"s1\"> \u2022 <\/span><\/strong><span class=\"s2\"><strong>Soulager les douleurs plantaires, articulaires et musculaires<\/strong> <\/span><span class=\"s1\">li\u00e9es \u00e0 un d\u00e9s\u00e9quilibre du pied.<\/span><\/p><p class=\"p3\"><strong><span class=\"s1\"> \u2022 <\/span><span class=\"s2\">Prendre soin des pieds diab\u00e9tiques <\/span><\/strong><span class=\"s1\"><strong>et pr\u00e9venir les complications<\/strong> (plaies, infections).<\/span><\/p><p class=\"p3\"><strong><span class=\"s1\"> \u2022 <\/span><\/strong><span class=\"s2\"><strong>Am\u00e9liorer le confort des sportifs<\/strong> en<\/span><span class=\"s1\">\u00a0adaptant le chaussage et en optimisant l\u2019appui plantaire.<\/span><\/p><p class=\"p3\"><strong><span class=\"s1\"> \u2022 <\/span><\/strong><span class=\"s2\"><strong>Assurer un suivi des personnes \u00e2g\u00e9es<\/strong> pour<\/span><span class=\"s1\">\u00a0\u00e9viter les risques de chute et favoriser la mobilit\u00e9.<\/span><\/p><p class=\"p1\"><strong><span class=\"s2\">Un Accompagnement Personnalis\u00e9 pour des Pieds en Bonne Sant\u00e9.<\/span><\/strong><\/p><p class=\"p1\"><span class=\"s1\">Le <\/span><span class=\"s2\">p\u00e9dicure-podologue<\/span><span class=\"s1\"> r\u00e9alise un bilan complet pour identifier les troubles sp\u00e9cifiques et proposer un traitement adapt\u00e9. Il con\u00e7oit des <\/span><span class=\"s2\">semelles orthop\u00e9diques sur mesure<\/span><span class=\"s1\"> pour corriger les d\u00e9s\u00e9quilibres et am\u00e9liorer la posture. Gr\u00e2ce \u00e0 des soins sp\u00e9cifiques, il soulage les douleurs et contribue \u00e0 pr\u00e9server la sant\u00e9 des pieds sur le long terme.<\/span><\/p><p class=\"p1\"><span class=\"s1\">Son approche globale permet de pr\u00e9venir les complications et d\u2019optimiser le bien-\u00eatre des patients. Que ce soit pour un <\/span><span class=\"s2\">traitement podologique curatif ou pr\u00e9ventif<\/span><span class=\"s1\">, il vous accompagne avec des solutions adapt\u00e9es \u00e0 votre situation.<\/span><\/p><p class=\"p1\"><span style=\"font-size: 14pt;\"><strong><span class=\"s2\">Prenez Rendez-Vous avec un P\u00e9dicure-Podologue<\/span><\/strong><\/span><\/p><p class=\"p1\"><span class=\"s1\">Si vous ressentez des douleurs aux pieds, si vous souffrez d\u2019ongles incarn\u00e9s, de mycoses ou de probl\u00e8mes posturaux, n\u2019attendez pas pour consulter un <\/span><span class=\"s2\">p\u00e9dicure-podologue<\/span><span class=\"s1\">. Une prise en charge rapide permet d\u2019\u00e9viter l\u2019aggravation des troubles et d\u2019am\u00e9liorer votre confort au quotidien.<\/span><\/p><p class=\"p1\"><strong><span class=\"s2\">Prenez rendez-vous d\u00e8s maintenant et offrez \u00e0 vos pieds les soins qu\u2019ils m\u00e9ritent !<\/span><\/strong><\/p>\t\t\t\t\t\t\t\t<\/div>\n\t\t\t\t<\/div>\n\t\t\t\t\t<\/div>\n\t\t\t\t<\/div>\n\t\t\t\t<\/div>\n\t\t\t\t\t<\/details>\n\t\t\t\t\t<\/div>\n\t\t\t\t\t\t<\/div>\n\t\t\t\t<\/div>\n\t\t\t\t\t<\/div>\n\t\t\t\t<\/div>\n\t\t<div class=\"elementor-element elementor-element-2039e04 e-flex e-con-boxed e-con e-parent\" data-id=\"2039e04\" data-element_type=\"container\">\n\t\t\t\t\t<div class=\"e-con-inner\">\n\t\t\t\t<div class=\"elementor-element elementor-element-80a3d61 elementor-widget-divider--view-line elementor-widget elementor-widget-divider\" data-id=\"80a3d61\" data-element_type=\"widget\" data-widget_type=\"divider.default\">\n\t\t\t\t<div class=\"elementor-widget-container\">\n\t\t\t\t\t\t\t<div class=\"elementor-divider\">\n\t\t\t<span class=\"elementor-divider-separator\">\n\t\t\t\t\t\t<\/span>\n\t\t<\/div>\n\t\t\t\t\t\t<\/div>\n\t\t\t\t<\/div>\n\t\t\t\t\t<\/div>\n\t\t\t\t<\/div>\n\t\t<div class=\"elementor-element elementor-element-3064325 e-flex e-con-boxed e-con e-parent\" data-id=\"3064325\" data-element_type=\"container\">\n\t\t\t\t\t<div class=\"e-con-inner\">\n\t\t\t\t<div class=\"elementor-element elementor-element-1dea66f elementor-align-center elementor-widget elementor-widget-button\" data-id=\"1dea66f\" data-element_type=\"widget\" data-widget_type=\"button.default\">\n\t\t\t\t<div class=\"elementor-widget-container\">\n\t\t\t\t\t\t\t\t\t<div class=\"elementor-button-wrapper\">\n\t\t\t\t\t<a class=\"elementor-button elementor-button-link elementor-size-sm\" href=\"https:\/\/centre-sante-lagarrigue.fr\/\">\n\t\t\t\t\t\t<span class=\"elementor-button-content-wrapper\">\n\t\t\t\t\t\t\t\t\t<span class=\"elementor-button-text\">Retourner \u00e0 l\u2019accueil<\/span>\n\t\t\t\t\t<\/span>\n\t\t\t\t\t<\/a>\n\t\t\t\t<\/div>\n\t\t\t\t\t\t\t\t<\/div>\n\t\t\t\t<\/div>\n\t\t\t\t\t<\/div>\n\t\t\t\t<\/div>\n\t\t\t\t<\/div>\n\t\t","protected":false},"excerpt":{"rendered":"<p>Mickael VINCENT P\u00e9dicure-podologue Soins de p\u00e9dicurie-podologie, incluant des \u00e9valuations approfondies des pieds, fabrication de semelles orthop\u00e9diques sur mesure, ainsi que des bilans podologiques complets pour assurer un confort optimal et la sant\u00e9 de vos pieds. Prendre rendez-vous Quel est le r\u00f4le du p\u00e9dicure-podologue ? Le p\u00e9dicure-podologue est un professionnel de sant\u00e9 sp\u00e9cialis\u00e9 dans la pr\u00e9vention, [&hellip;]<\/p>\n","protected":false},"author":1,"featured_media":0,"parent":0,"menu_order":0,"comment_status":"closed","ping_status":"closed","template":"","meta":{"footnotes":""},"class_list":["post-52","page","type-page","status-publish","hentry"],"yoast_head":"<!-- This site is optimized with the Yoast SEO plugin v24.4 - https:\/\/yoast.com\/wordpress\/plugins\/seo\/ -->\n<title>P\u00e9dicure-Podologue \u00e0 Lagarrigue - Centre de sant\u00e9 de Lagarrigue<\/title>\n<meta name=\"description\" content=\"P\u00e9dicure-podologue \u00e0 Lagarrigue : soins des pieds, semelles orthop\u00e9diques\u2026 Contactez Mickael VINCENT pour une consultation rapide !\" \/>\n<meta name=\"robots\" content=\"index, follow, max-snippet:-1, max-image-preview:large, max-video-preview:-1\" \/>\n<link rel=\"canonical\" href=\"https:\/\/centre-sante-lagarrigue.fr\/index.php\/pedicure-podologue\/\" \/>\n<meta property=\"og:locale\" content=\"fr_FR\" \/>\n<meta property=\"og:type\" content=\"article\" \/>\n<meta property=\"og:title\" content=\"P\u00e9dicure-Podologue \u00e0 Lagarrigue - Centre de sant\u00e9 de Lagarrigue\" \/>\n<meta property=\"og:description\" content=\"P\u00e9dicure-podologue \u00e0 Lagarrigue : soins des pieds, semelles orthop\u00e9diques\u2026 Contactez Mickael VINCENT pour une consultation rapide !\" \/>\n<meta property=\"og:url\" content=\"https:\/\/centre-sante-lagarrigue.fr\/index.php\/pedicure-podologue\/\" \/>\n<meta property=\"og:site_name\" content=\"Centre de sant\u00e9 de Lagarrigue\" \/>\n<meta property=\"article:modified_time\" content=\"2025-03-18T10:34:12+00:00\" \/>\n<meta property=\"og:image\" content=\"http:\/\/centre-sante-lagarrigue.fr\/wp-content\/uploads\/2025\/02\/IMG_0464-292x300.jpeg\" \/>\n<meta name=\"twitter:card\" content=\"summary_large_image\" \/>\n<meta name=\"twitter:label1\" content=\"Dur\u00e9e de lecture estim\u00e9e\" \/>\n\t<meta name=\"twitter:data1\" content=\"4 minutes\" \/>\n<script type=\"application\/ld+json\" class=\"yoast-schema-graph\">{\"@context\":\"https:\/\/schema.org\",\"@graph\":[{\"@type\":\"WebPage\",\"@id\":\"https:\/\/centre-sante-lagarrigue.fr\/index.php\/pedicure-podologue\/\",\"url\":\"https:\/\/centre-sante-lagarrigue.fr\/index.php\/pedicure-podologue\/\",\"name\":\"P\u00e9dicure-Podologue \u00e0 Lagarrigue - Centre de sant\u00e9 de Lagarrigue\",\"isPartOf\":{\"@id\":\"https:\/\/centre-sante-lagarrigue.fr\/#website\"},\"primaryImageOfPage\":{\"@id\":\"https:\/\/centre-sante-lagarrigue.fr\/index.php\/pedicure-podologue\/#primaryimage\"},\"image\":{\"@id\":\"https:\/\/centre-sante-lagarrigue.fr\/index.php\/pedicure-podologue\/#primaryimage\"},\"thumbnailUrl\":\"http:\/\/centre-sante-lagarrigue.fr\/wp-content\/uploads\/2025\/02\/IMG_0464-292x300.jpeg\",\"datePublished\":\"2025-02-04T13:54:10+00:00\",\"dateModified\":\"2025-03-18T10:34:12+00:00\",\"description\":\"P\u00e9dicure-podologue \u00e0 Lagarrigue : soins des pieds, semelles orthop\u00e9diques\u2026 Contactez Mickael VINCENT pour une consultation rapide !\",\"breadcrumb\":{\"@id\":\"https:\/\/centre-sante-lagarrigue.fr\/index.php\/pedicure-podologue\/#breadcrumb\"},\"inLanguage\":\"fr-FR\",\"potentialAction\":[{\"@type\":\"ReadAction\",\"target\":[\"https:\/\/centre-sante-lagarrigue.fr\/index.php\/pedicure-podologue\/\"]}]},{\"@type\":\"ImageObject\",\"inLanguage\":\"fr-FR\",\"@id\":\"https:\/\/centre-sante-lagarrigue.fr\/index.php\/pedicure-podologue\/#primaryimage\",\"url\":\"http:\/\/centre-sante-lagarrigue.fr\/wp-content\/uploads\/2025\/02\/IMG_0464-292x300.jpeg\",\"contentUrl\":\"http:\/\/centre-sante-lagarrigue.fr\/wp-content\/uploads\/2025\/02\/IMG_0464-292x300.jpeg\"},{\"@type\":\"BreadcrumbList\",\"@id\":\"https:\/\/centre-sante-lagarrigue.fr\/index.php\/pedicure-podologue\/#breadcrumb\",\"itemListElement\":[{\"@type\":\"ListItem\",\"position\":1,\"name\":\"Accueil\",\"item\":\"https:\/\/centre-sante-lagarrigue.fr\/\"},{\"@type\":\"ListItem\",\"position\":2,\"name\":\"P\u00e9dicure-Podologue \u00e0 Lagarrigue\"}]},{\"@type\":\"WebSite\",\"@id\":\"https:\/\/centre-sante-lagarrigue.fr\/#website\",\"url\":\"https:\/\/centre-sante-lagarrigue.fr\/\",\"name\":\"Centre de sant\u00e9 de Lagarrigue\",\"description\":\"Tout savoir sur le centre de sant\u00e9 de Lagarrigue\",\"publisher\":{\"@id\":\"https:\/\/centre-sante-lagarrigue.fr\/#organization\"},\"potentialAction\":[{\"@type\":\"SearchAction\",\"target\":{\"@type\":\"EntryPoint\",\"urlTemplate\":\"https:\/\/centre-sante-lagarrigue.fr\/?s={search_term_string}\"},\"query-input\":{\"@type\":\"PropertyValueSpecification\",\"valueRequired\":true,\"valueName\":\"search_term_string\"}}],\"inLanguage\":\"fr-FR\"},{\"@type\":\"Organization\",\"@id\":\"https:\/\/centre-sante-lagarrigue.fr\/#organization\",\"name\":\"Centre de sant\u00e9 de Lagarrigue\",\"url\":\"https:\/\/centre-sante-lagarrigue.fr\/\",\"logo\":{\"@type\":\"ImageObject\",\"inLanguage\":\"fr-FR\",\"@id\":\"https:\/\/centre-sante-lagarrigue.fr\/#\/schema\/logo\/image\/\",\"url\":\"https:\/\/centre-sante-lagarrigue.fr\/wp-content\/uploads\/2025\/02\/LAGARRIGUE-1-3.png\",\"contentUrl\":\"https:\/\/centre-sante-lagarrigue.fr\/wp-content\/uploads\/2025\/02\/LAGARRIGUE-1-3.png\",\"width\":500,\"height\":500,\"caption\":\"Centre de sant\u00e9 de Lagarrigue\"},\"image\":{\"@id\":\"https:\/\/centre-sante-lagarrigue.fr\/#\/schema\/logo\/image\/\"}}]}<\/script>\n<!-- \/ Yoast SEO plugin. -->","yoast_head_json":{"title":"P\u00e9dicure-Podologue \u00e0 Lagarrigue - Centre de sant\u00e9 de Lagarrigue","description":"P\u00e9dicure-podologue \u00e0 Lagarrigue : soins des pieds, semelles orthop\u00e9diques\u2026 Contactez Mickael VINCENT pour une consultation rapide !","robots":{"index":"index","follow":"follow","max-snippet":"max-snippet:-1","max-image-preview":"max-image-preview:large","max-video-preview":"max-video-preview:-1"},"canonical":"https:\/\/centre-sante-lagarrigue.fr\/index.php\/pedicure-podologue\/","og_locale":"fr_FR","og_type":"article","og_title":"P\u00e9dicure-Podologue \u00e0 Lagarrigue - Centre de sant\u00e9 de Lagarrigue","og_description":"P\u00e9dicure-podologue \u00e0 Lagarrigue : soins des pieds, semelles orthop\u00e9diques\u2026 Contactez Mickael VINCENT pour une consultation rapide !","og_url":"https:\/\/centre-sante-lagarrigue.fr\/index.php\/pedicure-podologue\/","og_site_name":"Centre de sant\u00e9 de Lagarrigue","article_modified_time":"2025-03-18T10:34:12+00:00","og_image":[{"url":"http:\/\/centre-sante-lagarrigue.fr\/wp-content\/uploads\/2025\/02\/IMG_0464-292x300.jpeg","type":"","width":"","height":""}],"twitter_card":"summary_large_image","twitter_misc":{"Dur\u00e9e de lecture estim\u00e9e":"4 minutes"},"schema":{"@context":"https:\/\/schema.org","@graph":[{"@type":"WebPage","@id":"https:\/\/centre-sante-lagarrigue.fr\/index.php\/pedicure-podologue\/","url":"https:\/\/centre-sante-lagarrigue.fr\/index.php\/pedicure-podologue\/","name":"P\u00e9dicure-Podologue \u00e0 Lagarrigue - Centre de sant\u00e9 de Lagarrigue","isPartOf":{"@id":"https:\/\/centre-sante-lagarrigue.fr\/#website"},"primaryImageOfPage":{"@id":"https:\/\/centre-sante-lagarrigue.fr\/index.php\/pedicure-podologue\/#primaryimage"},"image":{"@id":"https:\/\/centre-sante-lagarrigue.fr\/index.php\/pedicure-podologue\/#primaryimage"},"thumbnailUrl":"http:\/\/centre-sante-lagarrigue.fr\/wp-content\/uploads\/2025\/02\/IMG_0464-292x300.jpeg","datePublished":"2025-02-04T13:54:10+00:00","dateModified":"2025-03-18T10:34:12+00:00","description":"P\u00e9dicure-podologue \u00e0 Lagarrigue : soins des pieds, semelles orthop\u00e9diques\u2026 Contactez Mickael VINCENT pour une consultation rapide !","breadcrumb":{"@id":"https:\/\/centre-sante-lagarrigue.fr\/index.php\/pedicure-podologue\/#breadcrumb"},"inLanguage":"fr-FR","potentialAction":[{"@type":"ReadAction","target":["https:\/\/centre-sante-lagarrigue.fr\/index.php\/pedicure-podologue\/"]}]},{"@type":"ImageObject","inLanguage":"fr-FR","@id":"https:\/\/centre-sante-lagarrigue.fr\/index.php\/pedicure-podologue\/#primaryimage","url":"http:\/\/centre-sante-lagarrigue.fr\/wp-content\/uploads\/2025\/02\/IMG_0464-292x300.jpeg","contentUrl":"http:\/\/centre-sante-lagarrigue.fr\/wp-content\/uploads\/2025\/02\/IMG_0464-292x300.jpeg"},{"@type":"BreadcrumbList","@id":"https:\/\/centre-sante-lagarrigue.fr\/index.php\/pedicure-podologue\/#breadcrumb","itemListElement":[{"@type":"ListItem","position":1,"name":"Accueil","item":"https:\/\/centre-sante-lagarrigue.fr\/"},{"@type":"ListItem","position":2,"name":"P\u00e9dicure-Podologue \u00e0 Lagarrigue"}]},{"@type":"WebSite","@id":"https:\/\/centre-sante-lagarrigue.fr\/#website","url":"https:\/\/centre-sante-lagarrigue.fr\/","name":"Centre de sant\u00e9 de Lagarrigue","description":"Tout savoir sur le centre de sant\u00e9 de Lagarrigue","publisher":{"@id":"https:\/\/centre-sante-lagarrigue.fr\/#organization"},"potentialAction":[{"@type":"SearchAction","target":{"@type":"EntryPoint","urlTemplate":"https:\/\/centre-sante-lagarrigue.fr\/?s={search_term_string}"},"query-input":{"@type":"PropertyValueSpecification","valueRequired":true,"valueName":"search_term_string"}}],"inLanguage":"fr-FR"},{"@type":"Organization","@id":"https:\/\/centre-sante-lagarrigue.fr\/#organization","name":"Centre de sant\u00e9 de Lagarrigue","url":"https:\/\/centre-sante-lagarrigue.fr\/","logo":{"@type":"ImageObject","inLanguage":"fr-FR","@id":"https:\/\/centre-sante-lagarrigue.fr\/#\/schema\/logo\/image\/","url":"https:\/\/centre-sante-lagarrigue.fr\/wp-content\/uploads\/2025\/02\/LAGARRIGUE-1-3.png","contentUrl":"https:\/\/centre-sante-lagarrigue.fr\/wp-content\/uploads\/2025\/02\/LAGARRIGUE-1-3.png","width":500,"height":500,"caption":"Centre de sant\u00e9 de Lagarrigue"},"image":{"@id":"https:\/\/centre-sante-lagarrigue.fr\/#\/schema\/logo\/image\/"}}]}},"_links":{"self":[{"href":"https:\/\/centre-sante-lagarrigue.fr\/index.php\/wp-json\/wp\/v2\/pages\/52","targetHints":{"allow":["GET"]}}],"collection":[{"href":"https:\/\/centre-sante-lagarrigue.fr\/index.php\/wp-json\/wp\/v2\/pages"}],"about":[{"href":"https:\/\/centre-sante-lagarrigue.fr\/index.php\/wp-json\/wp\/v2\/types\/page"}],"author":[{"embeddable":true,"href":"https:\/\/centre-sante-lagarrigue.fr\/index.php\/wp-json\/wp\/v2\/users\/1"}],"replies":[{"embeddable":true,"href":"https:\/\/centre-sante-lagarrigue.fr\/index.php\/wp-json\/wp\/v2\/comments?post=52"}],"version-history":[{"count":56,"href":"https:\/\/centre-sante-lagarrigue.fr\/index.php\/wp-json\/wp\/v2\/pages\/52\/revisions"}],"predecessor-version":[{"id":569,"href":"https:\/\/centre-sante-lagarrigue.fr\/index.php\/wp-json\/wp\/v2\/pages\/52\/revisions\/569"}],"wp:attachment":[{"href":"https:\/\/centre-sante-lagarrigue.fr\/index.php\/wp-json\/wp\/v2\/media?parent=52"}],"curies":[{"name":"wp","href":"https:\/\/api.w.org\/{rel}","templated":true}]}}